e the first derivative of -i**5/60 - 3*i**4/8 + 2*i**3 + 12*i + 65. Let p(z) be the third derivative of q(z). Determine p(-7).
5
Let p be ((-2)/4)/((-2)/(-28)). Let w(s) = -3 + 210864*s + 6 + s**3 + 6 - 210856*s + 4*s**2 + 4*s**2. Calculate w(p).
2
Let g = -1 - -6. Suppose t + a + 11 = g, -2*a + 65 = -5*t. Let s be (t - 3)*3/6. Let o(r) = r + 11. Give o(s).
4
Let p(h) be the first derivative of 7/2*h**2 - 11*h + 1 + 1/3*h**3. Suppose 1120 = -72*x - 68*x. What is p(x)?
-3
Let d(q) = -3*q + 52 + 4*q**2 + 12*q**3 + 195 - 244. What is d(2)?
109
Let w be 0 + -5 + 2 - (-6 - -2). Suppose -3*b - 2 = -11, 0 = -d - b + 6. Let k(s) = 11*s**d + s + 18*s**3 - 10*s**3 - 3*s + 1. Determine k(w).
18
Let m(j) = 12*j**2 - j**3 + 9 + 12*j - 12*j. Suppose -437*g + 48 = -433*g. Give m(g).
9
Let q(z) = -11 - 8*z**3 + 2*z**2 + 3 + 0*z**3 - 16*z**2 - 14*z + 7*z**3. Let d be -1*((-6)/(-21) + 178/14). Give q(d).
5
Let m(h) = 7*h**2 - 3*h - 2*h**3 + 3*h**3 - 3 - 2. Let u = 106 - 15. Suppose -247*l = -234*l + u. Calculate m(l).
16
Suppose m = -3*m + 3*r + 24, 0 = 3*r. Suppose 3*b - 3*o + m = -o, -4*b - o = -3. Let t(s) = s**2 - s - 24. What is t(b)?
-24
Let l(q) = q**2 - 11*q - 40. Let v be ((-10)/70 + 57/7)/(-3 + 1). Calculate l(v).
20
Let s be -1 - (-11 + (8 - 1)). Let f(z) = -2*z + 3*z**2 + 4*z + 2 - 7*z. Determine f(s).
14
Let w = 14162 + -14165. Let s(b) = b**3 - b**2 - 15*b - 6. Give s(w).
3
Suppose 118*k = 173*k. Let l(h) be the second derivative of 1/20*h**5 + 1/12*h**4 + 20*h + k - 1/6*h**3 + 1/2*h**2. Determine l(0).
1
Suppose 3*d + 9 = 0, -k - 2*d = d + 6. Let l(a) = 9*a - k + 128*a**2 - 69*a**2 - 60*a**2. What is l(7)?
11
Let f(s) be the first derivative of -s**3 + s**2 + 2*s + 6098. Calculate f(0).
2
Let m(a) = 28*a - 3. Suppose -36*f = 63*f - 99. Give m(f).
25
Let y(k) = k**3 - 14*k**2 - 13*k - 24. Let t(c) = 208*c - 817. Let r be t(4). Determine y(r).
6
Suppose 10 + 0 + 104 = -19*t. Let z(b) = -b**2 - 4*b + 7. Give z(t).
-5
Let v(c) = 53*c - 258. Let o = -6871 - -6876. Determine v(o).
7
Suppose -22*r + 17*r + 15 = 0. Let k(u) = 4*u + 1 + 19*u**2 + 0 - 10*u**2 - 8*u**2. Determine k(r).
22
Let m(r) = -3*r - 35. Let p be m(-10). Let n be p/2*3/((-30)/16). Let f(c) = -18*c**3 - 5*c**2 + 5*c + 19*c**3 + 0*c - 4. Give f(n).
0
Let u be (-408)/204*1/(4/402). Let t = -200 - u. Let m(q) = 17*q**3 + q**2 - q. What is m(t)?
17
Let f(x) = -2*x**2 - x + x + 4*x + 1. Let w(o) = -o**3 + 18*o**2 + 21*o - 35. Let u be (-5)/((-20)/84) + -2. Let l be w(u). Determine f(l).
-5
Let x = -1182 + 1166. Let r(b) be the first derivative of -b**2 - 31*b - 2. Give r(x).
1
Let h(t) = -t + 7. Let m(x) = 4*x - 20. Let y(q) = -17*h(q) - 6*m(q). Suppose -7*l - 33*l = -80. What is y(l)?
-13
Let a(j) be the first derivative of 2*j**2 + 8*j + 41. Let v be 13/(52/(-24)) - 0. Give a(v).
-16
Let y(z) = -19*z**2 + 28*z + 186. Let h(c) = 14*c**2 - 28*c - 187. Let p(v) = -4*h(v) - 3*y(v). What is p(-13)?
-5
Let b be 2/5 + (10 - (-268)/(-20)). Let c(w) = 10*w + 6. Determine c(b).
-24
Let v(w) = -w**3 + 7*w**2 - 5*w. Suppose -15*k - 1025 = -10*k. Let i = k + 211. Give v(i).
6
Let m(j) be the first derivative of 2*j**3 + j**2/2 - 1. Suppose 92 = -3*u - 4*u + 6*s, 0 = 5*u - 3*s + 49. What is m(u)?
22
Let g(n) = -n**2 + 16*n - 15. Let h be (-6)/(16 + -10 - 32/5). What is g(h)?
0
Suppose -2*v = 5*t - 94, -5*t = 3*v - 88 - 3. Let y(s) = -s**2 + 21*s - 27. Calculate y(t).
-7
Let o be (-60)/(-70)*28/(-6). Let n(m) be the first derivative of -5*m**2 - 2*m + 339. What is n(o)?
38
Suppose -8*o = -o + 105. Let d(h) = -h**3 - h**2 + h. Let t(m) = 2*m**3 - 12*m**2 - 4*m - 2. Let p(x) = -3*d(x) - t(x). What is p(o)?
-13
Let d(y) = -3*y - 20. Let n = -3581 + 3575. What is d(n)?
-2
Let x(u) = 7*u**3 - 19*u**2 - u + 61. Let b(f) = 20*f**3 - 54*f**2 - 3*f + 179. Let i(n) = 6*b(n) - 17*x(n). Determine i(0).
37
Let z = 23123 - 23090. Let s(p) be the third derivative of -5/24*p**4 + 1/12*p**5 + 0*p + 0 - 1/120*p**6 + 1/2*p**3 + z*p**2. Calculate s(5).
-22
Let l(q) = -q**2 + 17*q + 88. Suppose 56 = 2*b + 3*x, 5*b + 3*x = -15 + 137. Determine l(b).
-22
Let g(s) = -44*s**2 - 59*s - 53. Let b(f) = 37*f**2 + 49*f + 44. Let p(y) = 13*b(y) + 11*g(y). Determine p(-8).
-107
Let a be 0/((-2198)/314 + (-10)/(-1 - 1)). Let u(c) = 79*c - 6. What is u(a)?
-6
Let n(h) = 11*h + 12. Let p = -4878 - -4872. Calculate n(p).
-54
Suppose 163*w - 153*w = -80. Let x(p) = 7*p + 19. What is x(w)?
-37
Let q(w) = 32*w**3 + w**2. Let f be q(-1). Let r(t) = t**3 - 20*t**2 + 50*t - 9. Let u be r(17). Let z = u - f. Let b(c) = -c**2 + 5*c + 1. Calculate b(z).
1
Let o(b) = b**3 - 2*b**2 - 2*b - 2. Let q = -19 - -24. Let d(s) = -4*s + 6*s - 2 - 4 - q. Let f be d(7). Calculate o(f).
1
Let j(k) = -13*k - 9 - 242500*k**3 - 13*k**2 - 242498*k**3 + 484996*k**3. Determine j(-6).
33
Let w(c) be the third derivative of c**5/20 - 5*c**4/24 - 4*c**3/3 - 2*c**2 + 33. Let i be w(3). Let k(s) = -s**2 + 2*s. Determine k(i).
-8
Let r be (-2)/(10/5) - 9*-1. Suppose -r*z + 5 = -11. Suppose 5*u = 5*q - 70, -2*q + 8 = -z*u + 4*u. Let o(c) = c**2 - 7*c - 13. Calculate o(q).
5
Let k(o) = o**3 + 2*o**2 - o - 31. Let u be (-22 - -22)/(8 + -9). Give k(u).
-31
Let n(j) = 11*j - 9. Suppose 13*m + d + 76 = 23, -3*m = -3*d + 9. Give n(m).
-53
Let u be (-4 + 0)/(-4) - -8. Let o = u + -5. Suppose 11 - 15 = -o*w. Let s(c) = c - 1. Calculate s(w).
0
Let t(g) = -g**2 + 8*g - 7. Let m be (-43072)/(-320) + 2/5. Let b = m + -128. What is t(b)?
0
Suppose 10*x = 7*x + 192. Let z be 2/(-4)*(x/8 - 108). Let a(d) = 9 - z*d + 99*d - 47*d. Calculate a(-6).
-3
Let g(o) = 63 - 260*o - 257*o + 521*o. Let t be g(-16). Let q(j) = -25*j**3 + j**2 - 1. Calculate q(t).
25
Let y(m) = m**3 - 2*m**2 - 8*m. Let l(d) = d**2 - 29*d - 28. Let a be l(30). Suppose -2*r - 5*i = a, 5*r - 11*i + 8*i = 26. Calculate y(r).
0
Let a be (6/8)/(1/(-8)). Let b(d) = d**3 - 2*d**2 - 13*d + 3. Let w(u) = u**3 - 3*u**2 - 12*u + 1. Let t(p) = a*w(p) + 5*b(p). Determine t(9).
-9
Let o(y) = -82*y + 30*y + 13*y**2 + 7 - 20*y**3 + 43*y + 19*y**3 - 5*y**2. Calculate o(6).
25
Suppose -2*h - 3 = 3*j, 2*h + 12 = j + 13. Let d be (8 - 14/2) + j. Let r(o) = o**2 + 8. Give r(d).
8
Let k be 0 + -4 + 4 - (-84)/3. Suppose 0 = -2*y + 8, -3*c - 3*y + k = y. Let s(o) = o**2 + 5*o + 2. Calculate s(c).
38
Suppose 2*d - 33 + 25 = 0. Suppose -5*n + 3*f + 21 = 0, n - d*f - 13 = f. Let o(j) = -45*j - 4 + 89*j + 5*j**2 + j**n - 43*j. Calculate o(-5).
-9
Let y(f) = f - 3. Let n(l) = 3*l - 8. Let x(v) = 2*n(v) - 7*y(v). Let o be x(3). Let h(w) = w**3 - 3*w**o - 15 + 4 + 8. Give h(3).
-3
Let c(f) = -2*f**2 + 4*f + 7. Let u be (-23435)/(-344) + 1/(-8). Let h = -63 + u. Calculate c(h).
-23
Let n(o) = o**2 - 17*o + 58. Let z be ((-10)/(-45))/(56/84)*24. Give n(z).
-14
Let b = -54 + 216. Let j = -170 + b. Let u(a) = a**3 + 9*a**2 + 8*a - 8. Calculate u(j).
-8
Suppose 3*a - 15 = 42. Suppose -w - 1 + a = 0. Let u(i) = 2 - 5 + 2*i - i - w. Give u(9).
-12
Let g = -16 + 18. Let p(t) = -12*t**2 + 7 - 5 + 2 + 11*t**g + 6*t. Give p(6).
4
Let x(t) be the third derivative of -t**5/60 + t**4/12 - t**3/3 - 6*t**2 - 3*t - 4. Calculate x(-4).
-26
Let i(n) = -n**2 + 8*n - 15. Suppose 354*c - 35 = 347*c. What is i(c)?
0
Let k(l) = -l**3 - 22*l**2 - 58*l - 20. Let q be k(-19). Let b(r) = -5*r**3 + 2*r**2 + 4*r + 5. What is b(q)?
8
Let z = 28049 + -28046. Let l(o) be the first derivative of 4*o**2 + 41 + 1/4*o**4 - 4*o - 7/3*o**z. Give l(6).
8
Let j(x) = 15*x - 92. Let i(w) = 8*w - 46. Let k(p) = -5*i(p) + 3*j(p). Suppose 0 = 3*v + 2*v + 10. Let t(z) = z - 9. Let r(s) = v*k(s) + 11*t(s). What is r(5)?
-2
Let m(c) = c**3 - 13*c**2 - 66*c - 5. Suppose -8*k - 2*g = -9*k + 15, 0 = -3*k + g + 50. What is m(k)?
29
Let g(t) = 2*t**2 + 15*t + 9. Let i = 524 + -530. Calculate g(i).
-9
Suppose -u + 126 = -0*u. Let j = u - 105. Let f(a) = -51 + a + j + 27. What is f(4)?
1
Suppose -3 - 13 = 4*w. Let i(j) = -54*j**2 - 12*j + 59. Let t(s) = 19*s**2 + 4*s - 21. Let b(x) = 6*i(x) + 17*t(x). What is b(w)?
-3
Let c(z) = -z + 28. Let m be c(24). Suppose 3*p - m*w = -5, 3*p = 8*w - 3*w - 4. Let k(s) = -s**3 + 3*s - 4. Determine k(p).
14
Let k = -4 + 2. Let f(j) = 5*j**2 - 8*j - 3. Let y(a) = -21*a + 47*a - 25*a - a**2. Let q(u) = -f(u) - 6*y(u). Determine q(k).
3
Suppose 15*s = -9*s + 30*s +